{"id":19565,"date":"2025-06-26T15:18:29","date_gmt":"2025-06-26T15:18:29","guid":{"rendered":"https:\/\/umbidesign.xyz\/?page_id=19565"},"modified":"2025-08-07T21:52:36","modified_gmt":"2025-08-07T21:52:36","slug":"datenschutzbestimmungen","status":"publish","type":"page","link":"https:\/\/umbicap.com\/?page_id=19565&lang=de","title":{"rendered":"Datenschutzbestimmungen"},"content":{"rendered":"\t\t<div data-elementor-type=\"wp-page\" data-elementor-id=\"19565\" class=\"elementor elementor-19565 elementor-3\">\n\t\t\t\t<div class=\"elementor-element elementor-element-4c5ec4a6 e-flex e-con-boxed e-con e-parent\" data-id=\"4c5ec4a6\" data-element_type=\"container\">\n\t\t\t\t\t<div class=\"e-con-inner\">\n\t\t\t\t<div class=\"elementor-element elementor-element-24a672a9 elementor-widget elementor-widget-text-editor\" data-id=\"24a672a9\" data-element_type=\"widget\" data-widget_type=\"text-editor.default\">\n\t\t\t\t<div class=\"elementor-widget-container\">\n\t\t\t\t\t\t\t\t\t\n<h6>Ihre Privatsph\u00e4re ist uns wichtig.<br>Wir respektieren Ihre Privatsph\u00e4re in Bezug auf alle Informationen, die wir \u00fcber unsere Website oder andere Websites, die wir besitzen und betreiben, von Ihnen sammeln.<\/h6>\n<p> <\/p>\n<p>Wir fragen nur dann nach pers\u00f6nlichen Daten, wenn wir sie wirklich ben\u00f6tigen, um Ihnen eine Dienstleistung zu erbringen.<br>Wir tun dies mit fairen und rechtm\u00e4\u00dfigen Mitteln, mit Ihrem Wissen und Ihrer Zustimmung.<br>Wir sagen Ihnen auch, warum wir sie sammeln und wie sie verwendet werden.<\/p>\n<p>Wir bewahren die gesammelten Informationen nur so lange auf, wie es f\u00fcr die Erbringung der angeforderten Dienstleistung erforderlich ist.<br>Wenn wir Daten speichern, sch\u00fctzen wir sie mit wirtschaftlich vertretbaren Mitteln, um Verlust und Diebstahl sowie unbefugten Zugriff, Offenlegung, Kopieren, Verwendung oder \u00c4nderung zu verhindern.<\/p>\n<p>Wir geben keine pers\u00f6nlich identifizierbaren Informationen an die \u00d6ffentlichkeit oder an Dritte weiter, es sei denn, dies ist gesetzlich vorgeschrieben.<\/p>\n<p>Unsere Website kann Links zu externen Websites enthalten, die nicht von uns betrieben werden.<br>Bitte beachten Sie, dass wir keine Kontrolle \u00fcber den Inhalt und die Praktiken dieser Websites haben und keine Verantwortung f\u00fcr deren Datenschutzrichtlinien \u00fcbernehmen k\u00f6nnen.<\/p>\n<p>Es steht Ihnen frei, unsere Anfrage nach personenbezogenen Daten abzulehnen, da wir dann m\u00f6glicherweise nicht in der Lage sind, einige der von Ihnen gew\u00fcnschten Dienstleistungen zu erbringen.<\/p>\n<p>Die fortgesetzte Nutzung unserer Website gilt als Zustimmung zu unseren Praktiken in Bezug auf Datenschutz und pers\u00f6nliche Informationen.<br>Wenn Sie Fragen zum Umgang mit Benutzerdaten und pers\u00f6nlichen Informationen haben, wenden Sie sich bitte an uns.<\/p>\n<p>Der Google AdSense-Dienst, den wir zur Schaltung von Werbung nutzen, verwendet ein DoubleClick-Cookie, um relevantere Anzeigen im gesamten Web zu schalten und die Anzahl der Anzeigen zu begrenzen.<br>Weitere Informationen zu Google AdSense finden Sie in den offiziellen Google AdSense-Datenschutz-FAQs.<br>Wir verwenden Anzeigen, um die Kosten f\u00fcr den Betrieb dieser Website auszugleichen und zuk\u00fcnftige Entwicklungen zu finanzieren. Die auf dieser Website verwendeten Cookies f\u00fcr verhaltensbasierte Werbung sollen sicherstellen, dass Ihnen m\u00f6glichst relevante Werbung angezeigt wird, indem Ihre Interessen anonym verfolgt werden und Ihnen \u00e4hnliche Dinge pr\u00e4sentiert werden, die f\u00fcr Sie von Interesse sein k\u00f6nnten.<br>Verschiedene Partner werben in unserem Namen, und mit Hilfe von Cookies zur Nachverfolgung von Partnerschaften k\u00f6nnen wir einfach feststellen, ob unsere Kunden \u00fcber die Websites unserer Partner auf die Website zugegriffen haben, so dass wir ihnen die entsprechenden Gutschriften erteilen k\u00f6nnen und gegebenenfalls unseren Partnerunternehmen die M\u00f6glichkeit geben, Werbeaktionen anzubieten, die Ihnen die Gelegenheit zum Kauf bieten k\u00f6nnten.<br>Engagement der Nutzer<br>Der Nutzer verpflichtet sich, die Inhalte und Informationen, die wir auf der Website anbieten, in angemessener Weise zu nutzen; dies gilt beispielsweise, aber nicht ausschlie\u00dflich, f\u00fcr<\/p>\n<p>A) sich nicht an Aktivit\u00e4ten zu beteiligen, die illegal sind oder gegen Treu und Glauben oder die \u00f6ffentliche Ordnung versto\u00dfen;<br>B) keine Propaganda oder Inhalte mit rassistischem, fremdenfeindlichem, bbebbet- oder gl\u00fccksspiel\u00e4hnlichem Charakter, keine Art von illegaler Pornographie, keine Entschuldigung f\u00fcr Terrorismus oder gegen die Menschenrechte zu verbreiten;<br>C) keine Sch\u00e4den an den physischen (Hardware) und logischen (Software) Systemen unserer Website, ihrer Lieferanten oder Dritter zu verursachen, keine Computerviren oder andere Hardware- oder Softwaresysteme einzuf\u00fchren oder zu verbreiten, die die oben genannten Sch\u00e4den verursachen k\u00f6nnen.<\/p>\n<p>Weitere Informationen<br>Wir hoffen, dass dies klar ist, und wie oben erw\u00e4hnt, ist es im Allgemeinen sicherer, die Cookies aktiviert zu lassen, wenn Sie mit einer der Funktionen auf unserer Website interagieren, wenn Sie nicht sicher sind, ob Sie sie ben\u00f6tigen.<\/p>\t\t\t\t\t\t\t\t<\/div>\n\t\t\t\t<\/div>\n\t\t\t\t\t<\/div>\n\t\t\t\t<\/div>\n\t\t\t\t<\/div>\n\t\t","protected":false},"excerpt":{"rendered":"<p>Ihre Privatsph\u00e4re ist uns wichtig.Wir respektieren Ihre Privatsph\u00e4re in Bezug auf alle Informationen, die wir \u00fcber unsere Website oder andere Websites, die wir besitzen und betreiben, von Ihnen sammeln. Wir fragen nur dann nach pers\u00f6nlichen Daten, wenn wir sie wirklich ben\u00f6tigen, um Ihnen eine Dienstleistung zu erbringen.Wir tun dies mit fairen und rechtm\u00e4\u00dfigen Mitteln, mit [&hellip;]<\/p>\n","protected":false},"author":1,"featured_media":0,"parent":0,"menu_order":0,"comment_status":"closed","ping_status":"open","template":"","meta":{"footnotes":""},"class_list":["post-19565","page","type-page","status-publish","hentry"],"_links":{"self":[{"href":"https:\/\/umbicap.com\/index.php?rest_route=\/wp\/v2\/pages\/19565","targetHints":{"allow":["GET"]}}],"collection":[{"href":"https:\/\/umbicap.com\/index.php?rest_route=\/wp\/v2\/pages"}],"about":[{"href":"https:\/\/umbicap.com\/index.php?rest_route=\/wp\/v2\/types\/page"}],"author":[{"embeddable":true,"href":"https:\/\/umbicap.com\/index.php?rest_route=\/wp\/v2\/users\/1"}],"replies":[{"embeddable":true,"href":"https:\/\/umbicap.com\/index.php?rest_route=%2Fwp%2Fv2%2Fcomments&post=19565"}],"version-history":[{"count":3,"href":"https:\/\/umbicap.com\/index.php?rest_route=\/wp\/v2\/pages\/19565\/revisions"}],"predecessor-version":[{"id":19568,"href":"https:\/\/umbicap.com\/index.php?rest_route=\/wp\/v2\/pages\/19565\/revisions\/19568"}],"wp:attachment":[{"href":"https:\/\/umbicap.com\/index.php?rest_route=%2Fwp%2Fv2%2Fmedia&parent=19565"}],"curies":[{"name":"wp","href":"https:\/\/api.w.org\/{rel}","templated":true}]}}