{"id":10616,"date":"2025-07-29T17:06:01","date_gmt":"2025-07-29T17:06:01","guid":{"rendered":"https:\/\/umbidesign.xyz\/?post_type=product&#038;p=10616"},"modified":"2025-08-10T13:58:32","modified_gmt":"2025-08-10T13:58:32","slug":"equipamento-juve-0525","status":"publish","type":"product","link":"https:\/\/umbicap.com\/?produto=equipamento-juve-0525","title":{"rendered":"Equipamento JUVE 0525"},"content":{"rendered":"\t\t<div data-elementor-type=\"wp-post\" data-elementor-id=\"10616\" class=\"elementor elementor-10616\">\n\t\t\t\t<div class=\"elementor-element elementor-element-386d97ed e-flex e-con-boxed e-con e-parent\" data-id=\"386d97ed\" data-element_type=\"container\">\n\t\t\t\t\t<div class=\"e-con-inner\">\n\t\t\t\t<div class=\"elementor-element elementor-element-50161d52 elementor-widget elementor-widget-text-editor\" data-id=\"50161d52\" data-element_type=\"widget\" data-widget_type=\"text-editor.default\">\n\t\t\t\t<div class=\"elementor-widget-container\">\n\t\t\t\t\t\t\t\t\t<p data-v-0dde63d0=\"\">Modelo:<br \/>Tamanho L | Altura 190 cm<\/p><p class=\"composition-text\" data-v-0dde63d0=\"\">Material:<br \/>&#8211; <strong>100% poli\u00e9ster<\/strong><br \/>&#8211; <strong>140 g\/m\u00b2<\/strong>.<\/p><ul><li class=\"observation-text\">Conjunto sem meias.<\/li><li class=\"observation-text\">Etiqueta remov\u00edvel.<\/li><li class=\"observation-text\">Tecido t\u00e9cnico.<\/li><li class=\"observation-text\">Modelo transpir\u00e1vel.<\/li><li class=\"observation-text\">Pack de v\u00e1rias pe\u00e7as.<br \/><br \/><\/li><li><b>Tamanhos crian\u00e7a dispon\u00edveis <\/b>em todas as cores.<\/li><\/ul>\t\t\t\t\t\t\t\t<\/div>\n\t\t\t\t<\/div>\n\t\t\t\t\t<\/div>\n\t\t\t\t<\/div>\n\t\t\t\t<\/div>\n\t\t","protected":false},"excerpt":{"rendered":"<p class=\"product-short-desc \" data-v-0dde63d0=\"\"><strong>Conjunto desportivo unisexo composto por 2 camisolas + 1 cal\u00e7\u00e3o.<\/strong><\/p>\n<ul>\n<li class=\"product-short-desc \">Camisolas com mangas semi reglan. estampadas.<\/li>\n<li class=\"product-short-desc \">Gola redonda com \u201ctricot\u201d na parte posterior.<\/li>\n<li class=\"product-short-desc \">A cor da segunda camisola inverte as cores em rela\u00e7\u00e3o \u00e0 primeira.<\/li>\n<li class=\"product-short-desc \">Cal\u00e7\u00e3o com cintura el\u00e1stica com cord\u00e3o interior no mesmo tom e pesponto de seguran\u00e7a.<\/li>\n<li class=\"product-short-desc \">Pormenor lateral a contrastar e abertura lateral no c\u00f3s da perna.<\/li>\n<\/ul>\n<p class=\"p1\"><b>Tamanhos crian\u00e7a dispon\u00edveis\u00a0<\/b>em todas as cores.<\/p>\n","protected":false},"featured_media":10625,"comment_status":"closed","ping_status":"closed","template":"","meta":[],"product_brand":[],"product_cat":[15,170,179,180,166],"product_tag":[],"class_list":{"0":"post-10616","1":"product","2":"type-product","3":"status-publish","4":"has-post-thumbnail","6":"product_cat-all-products","7":"product_cat-equipment","8":"product_cat-kids","9":"product_cat-kids-sport","10":"product_cat-sport","12":"first","13":"instock","14":"featured","15":"shipping-taxable","16":"purchasable","17":"product-type-variable"},"_links":{"self":[{"href":"https:\/\/umbicap.com\/index.php?rest_route=\/wp\/v2\/product\/10616","targetHints":{"allow":["GET"]}}],"collection":[{"href":"https:\/\/umbicap.com\/index.php?rest_route=\/wp\/v2\/product"}],"about":[{"href":"https:\/\/umbicap.com\/index.php?rest_route=\/wp\/v2\/types\/product"}],"replies":[{"embeddable":true,"href":"https:\/\/umbicap.com\/index.php?rest_route=%2Fwp%2Fv2%2Fcomments&post=10616"}],"version-history":[{"count":5,"href":"https:\/\/umbicap.com\/index.php?rest_route=\/wp\/v2\/product\/10616\/revisions"}],"predecessor-version":[{"id":10691,"href":"https:\/\/umbicap.com\/index.php?rest_route=\/wp\/v2\/product\/10616\/revisions\/10691"}],"wp:featuredmedia":[{"embeddable":true,"href":"https:\/\/umbicap.com\/index.php?rest_route=\/wp\/v2\/media\/10625"}],"wp:attachment":[{"href":"https:\/\/umbicap.com\/index.php?rest_route=%2Fwp%2Fv2%2Fmedia&parent=10616"}],"wp:term":[{"taxonomy":"product_brand","embeddable":true,"href":"https:\/\/umbicap.com\/index.php?rest_route=%2Fwp%2Fv2%2Fproduct_brand&post=10616"},{"taxonomy":"product_cat","embeddable":true,"href":"https:\/\/umbicap.com\/index.php?rest_route=%2Fwp%2Fv2%2Fproduct_cat&post=10616"},{"taxonomy":"product_tag","embeddable":true,"href":"https:\/\/umbicap.com\/index.php?rest_route=%2Fwp%2Fv2%2Fproduct_tag&post=10616"}],"curies":[{"name":"wp","href":"https:\/\/api.w.org\/{rel}","templated":true}]}}