{"id":19852,"date":"2025-07-29T10:36:13","date_gmt":"2025-07-29T10:36:13","guid":{"rendered":"https:\/\/umbidesign.xyz\/?product=short-de-sport-lanus-6655"},"modified":"2025-08-10T14:57:04","modified_gmt":"2025-08-10T14:57:04","slug":"short-de-sport-lanus-6655","status":"publish","type":"product","link":"https:\/\/umbicap.com\/?produit=short-de-sport-lanus-6655&lang=fr","title":{"rendered":"Short de sport LANUS 6655"},"content":{"rendered":"\t\t<div data-elementor-type=\"wp-post\" data-elementor-id=\"19852\" class=\"elementor elementor-19852 elementor-10301\">\n\t\t\t\t<div class=\"elementor-element elementor-element-386d97ed e-flex e-con-boxed e-con e-parent\" data-id=\"386d97ed\" data-element_type=\"container\">\n\t\t\t\t\t<div class=\"e-con-inner\">\n\t\t\t\t<div class=\"elementor-element elementor-element-50161d52 elementor-widget elementor-widget-text-editor\" data-id=\"50161d52\" data-element_type=\"widget\" data-widget_type=\"text-editor.default\">\n\t\t\t\t<div class=\"elementor-widget-container\">\n\t\t\t\t\t\t\t\t\t<p data-v-0dde63d0=\"\"><em>Mod\u00e8le :<br><\/em><em>Taille S \/ Taille 163 cm<\/em><\/p><p class=\"composition-text\" data-v-0dde63d0=\"\">Mati\u00e8re :<br>&#8211; Tissu : <strong>90% polyester \/ 10% \u00e9lasthanne<\/strong><br>&#8211; <strong>130 g\/m\u00b2<\/strong><br>&#8211; Maille : <strong>84% polyester \/ 16% \u00e9lasthanne<\/strong><br>&#8211; <strong>170 g\/m\u00b2<\/strong>.<\/p><ul><li class=\"observation-text\">Mod\u00e8le respirant \u00e0 s\u00e9chage rapide.<\/li><li class=\"observation-text\">\u00c9tiquette amovible.<\/li><\/ul>\t\t\t\t\t\t\t\t<\/div>\n\t\t\t\t<\/div>\n\t\t\t\t\t<\/div>\n\t\t\t\t<\/div>\n\t\t\t\t<\/div>\n\t\t","protected":false},"excerpt":{"rendered":"<p class=\"product-short-desc \" data-v-0dde63d0=\"\"><strong>Short de sport court pour femme avec maille int\u00e9rieure contrast\u00e9e.<\/strong><\/p>\n<p class=\"product-short-desc \" data-v-0dde63d0=\"\">Taille \u00e9lastiqu\u00e9e avec cordon de serrage int\u00e9rieur crois\u00e9 pour un ajustement facile.<br \/>\nD\u00e9tails r\u00e9fl\u00e9chissants.<br \/>\nTissu \u00e9lastique sp\u00e9cial pour la course \u00e0 pied, adaptable au corps.<\/p>\n","protected":false},"featured_media":18130,"comment_status":"closed","ping_status":"closed","template":"","meta":[],"product_brand":[],"product_cat":[321,345,319],"product_tag":[],"class_list":{"0":"post-19852","1":"product","2":"type-product","3":"status-publish","4":"has-post-thumbnail","6":"product_cat-le-sport","7":"product_cat-short-femme","8":"product_cat-tous","10":"first","11":"instock","12":"featured","13":"shipping-taxable","14":"purchasable","15":"product-type-variable"},"_links":{"self":[{"href":"https:\/\/umbicap.com\/index.php?rest_route=\/wp\/v2\/product\/19852","targetHints":{"allow":["GET"]}}],"collection":[{"href":"https:\/\/umbicap.com\/index.php?rest_route=\/wp\/v2\/product"}],"about":[{"href":"https:\/\/umbicap.com\/index.php?rest_route=\/wp\/v2\/types\/product"}],"replies":[{"embeddable":true,"href":"https:\/\/umbicap.com\/index.php?rest_route=%2Fwp%2Fv2%2Fcomments&post=19852"}],"version-history":[{"count":1,"href":"https:\/\/umbicap.com\/index.php?rest_route=\/wp\/v2\/product\/19852\/revisions"}],"predecessor-version":[{"id":19856,"href":"https:\/\/umbicap.com\/index.php?rest_route=\/wp\/v2\/product\/19852\/revisions\/19856"}],"wp:featuredmedia":[{"embeddable":true,"href":"https:\/\/umbicap.com\/index.php?rest_route=\/wp\/v2\/media\/18130"}],"wp:attachment":[{"href":"https:\/\/umbicap.com\/index.php?rest_route=%2Fwp%2Fv2%2Fmedia&parent=19852"}],"wp:term":[{"taxonomy":"product_brand","embeddable":true,"href":"https:\/\/umbicap.com\/index.php?rest_route=%2Fwp%2Fv2%2Fproduct_brand&post=19852"},{"taxonomy":"product_cat","embeddable":true,"href":"https:\/\/umbicap.com\/index.php?rest_route=%2Fwp%2Fv2%2Fproduct_cat&post=19852"},{"taxonomy":"product_tag","embeddable":true,"href":"https:\/\/umbicap.com\/index.php?rest_route=%2Fwp%2Fv2%2Fproduct_tag&post=19852"}],"curies":[{"name":"wp","href":"https:\/\/api.w.org\/{rel}","templated":true}]}}