{"id":20407,"date":"2025-07-28T16:15:05","date_gmt":"2025-07-28T16:15:05","guid":{"rendered":"https:\/\/umbidesign.xyz\/?product=wasserdicht-island-5200"},"modified":"2025-08-10T15:00:00","modified_gmt":"2025-08-10T15:00:00","slug":"wasserdicht-island-5200","status":"publish","type":"product","link":"https:\/\/umbicap.com\/?produkt=wasserdicht-island-5200&lang=de","title":{"rendered":"Wasserdicht ISLAND 5200"},"content":{"rendered":"\t\t<div data-elementor-type=\"wp-post\" data-elementor-id=\"20407\" class=\"elementor elementor-20407 elementor-9478\">\n\t\t\t\t<div class=\"elementor-element elementor-element-386d97ed e-flex e-con-boxed e-con e-parent\" data-id=\"386d97ed\" data-element_type=\"container\">\n\t\t\t\t\t<div class=\"e-con-inner\">\n\t\t\t\t<div class=\"elementor-element elementor-element-50161d52 elementor-widget elementor-widget-text-editor\" data-id=\"50161d52\" data-element_type=\"widget\" data-widget_type=\"text-editor.default\">\n\t\t\t\t<div class=\"elementor-widget-container\">\n\t\t\t\t\t\t\t\t\t<p class=\"\" data-v-0dde63d0=\"\"><em>Modell:<\/em><br><em>Gr\u00f6\u00dfe M | H\u00f6he 190 cm<\/em><\/p><p class=\"composition-text\" data-v-0dde63d0=\"\">Material:<br>&#8211; <strong>100% Polyester-Taft<\/strong><br>&#8211; <strong>70 g\/m\u00b2<\/strong>.<\/p><ul><li class=\"observation-text\">Wasserfest.<\/li><\/ul>\t\t\t\t\t\t\t\t<\/div>\n\t\t\t\t<\/div>\n\t\t\t\t\t<\/div>\n\t\t\t\t<\/div>\n\t\t\t\t<\/div>\n\t\t","protected":false},"excerpt":{"rendered":"<p class=\"p1\"><strong>Wasserdichtes Wachstuch.<\/strong><\/p>\n<p class=\"p1\">Hoher Kragen und abnehmbare Kapuze mit verstellbarem Kordelzug.<br \/>\nZentraler Rei\u00dfverschluss im gleichen Farbton, mit Puller.<br \/>\nZwei Seitentaschen mit Aufschl\u00e4gen.<br \/>\nElastische \u00c4rmelb\u00fcndchen.<br \/>\nBund mit verstellbarem Kordelzug.<br \/>\nElastisches Band in der Tasche, zum Falten und Verstauen des Kleidungsst\u00fccks.<\/p>\n","protected":false},"featured_media":16171,"comment_status":"closed","ping_status":"closed","template":"","meta":[],"product_brand":[],"product_cat":[320,376,377],"product_tag":[],"class_list":{"0":"post-20407","1":"product","2":"type-product","3":"status-publish","4":"has-post-thumbnail","6":"product_cat-alle","7":"product_cat-mann","8":"product_cat-regenmantel-de","10":"first","11":"instock","12":"featured","13":"shipping-taxable","14":"purchasable","15":"product-type-variable"},"_links":{"self":[{"href":"https:\/\/umbicap.com\/index.php?rest_route=\/wp\/v2\/product\/20407","targetHints":{"allow":["GET"]}}],"collection":[{"href":"https:\/\/umbicap.com\/index.php?rest_route=\/wp\/v2\/product"}],"about":[{"href":"https:\/\/umbicap.com\/index.php?rest_route=\/wp\/v2\/types\/product"}],"replies":[{"embeddable":true,"href":"https:\/\/umbicap.com\/index.php?rest_route=%2Fwp%2Fv2%2Fcomments&post=20407"}],"version-history":[{"count":1,"href":"https:\/\/umbicap.com\/index.php?rest_route=\/wp\/v2\/product\/20407\/revisions"}],"predecessor-version":[{"id":20412,"href":"https:\/\/umbicap.com\/index.php?rest_route=\/wp\/v2\/product\/20407\/revisions\/20412"}],"wp:featuredmedia":[{"embeddable":true,"href":"https:\/\/umbicap.com\/index.php?rest_route=\/wp\/v2\/media\/16171"}],"wp:attachment":[{"href":"https:\/\/umbicap.com\/index.php?rest_route=%2Fwp%2Fv2%2Fmedia&parent=20407"}],"wp:term":[{"taxonomy":"product_brand","embeddable":true,"href":"https:\/\/umbicap.com\/index.php?rest_route=%2Fwp%2Fv2%2Fproduct_brand&post=20407"},{"taxonomy":"product_cat","embeddable":true,"href":"https:\/\/umbicap.com\/index.php?rest_route=%2Fwp%2Fv2%2Fproduct_cat&post=20407"},{"taxonomy":"product_tag","embeddable":true,"href":"https:\/\/umbicap.com\/index.php?rest_route=%2Fwp%2Fv2%2Fproduct_tag&post=20407"}],"curies":[{"name":"wp","href":"https:\/\/api.w.org\/{rel}","templated":true}]}}