{"id":20437,"date":"2025-07-28T15:59:23","date_gmt":"2025-07-28T15:59:23","guid":{"rendered":"https:\/\/umbidesign.xyz\/?product=europa-parka-fuer-frauen-5077"},"modified":"2025-08-10T15:00:00","modified_gmt":"2025-08-10T15:00:00","slug":"europa-parka-fuer-frauen-5077","status":"publish","type":"product","link":"https:\/\/umbicap.com\/?produkt=europa-parka-fuer-frauen-5077&lang=de","title":{"rendered":"EUROPA-Parka f\u00fcr Frauen 5077"},"content":{"rendered":"\t\t<div data-elementor-type=\"wp-post\" data-elementor-id=\"20437\" class=\"elementor elementor-20437 elementor-9456\">\n\t\t\t\t<div class=\"elementor-element elementor-element-386d97ed e-flex e-con-boxed e-con e-parent\" data-id=\"386d97ed\" data-element_type=\"container\">\n\t\t\t\t\t<div class=\"e-con-inner\">\n\t\t\t\t<div class=\"elementor-element elementor-element-50161d52 elementor-widget elementor-widget-text-editor\" data-id=\"50161d52\" data-element_type=\"widget\" data-widget_type=\"text-editor.default\">\n\t\t\t\t<div class=\"elementor-widget-container\">\n\t\t\t\t\t\t\t\t\t<p class=\"\" data-v-0dde63d0=\"\"><em>Modell:<\/em><br><em>Gr\u00f6\u00dfe M | K\u00f6rpergr\u00f6\u00dfe 187 cm<\/em><\/p><p class=\"composition-text\" data-v-0dde63d0=\"\">Material:<br>&#8211; Au\u00dfenseite: <strong>100%<\/strong> wasserdichtes <strong>Polyester<\/strong>.<br>&#8211; Futter: <strong>100% Polyester<\/strong>.<br>&#8211; F\u00fcllung: <strong>100% Polyester<\/strong>.<br>&#8211; <strong>400 g\/m\u00b2<\/strong>.<\/p><ul><li class=\"observation-text\">G\u00fcrtellinie beim Damenmodell.<\/li><li class=\"observation-text\">Leicht zug\u00e4ngliche Innenseite f\u00fcr Siebdruck oder Stickerei.<\/li><li class=\"observation-text\">Wasserdichtes Modell.<\/li><li class=\"observation-text\">Winddichtes Modell.<\/li><li class=\"observation-text\">Doppeltes Konzept.<\/li><\/ul>\t\t\t\t\t\t\t\t<\/div>\n\t\t\t\t<\/div>\n\t\t\t\t\t<\/div>\n\t\t\t\t<\/div>\n\t\t\t\t<\/div>\n\t\t","protected":false},"excerpt":{"rendered":"<p class=\"p1\"><strong>Wasserdichter Parka mit G\u00fcrtel.<\/strong><\/p>\n<p class=\"p1\">Zentraler Rei\u00dfverschluss in der gleichen Farbe wie das Revers.<br \/>\nHoher Kragen mit gefalteter und abnehmbarer Kapuze.<br \/>\nSeitentaschen mit Rei\u00dfverschluss und Revers.<br \/>\nZwei Brustinnentaschen mit Klettverschluss.<br \/>\nVerstellbare \u00c4rmelb\u00fcndchen mit Klettverschluss.<br \/>\nInnenzugang f\u00fcr Siebdruck oder Stickerei.<\/p>\n","protected":false},"featured_media":16141,"comment_status":"closed","ping_status":"closed","template":"","meta":[],"product_brand":[],"product_cat":[320,372,396,395],"product_tag":[],"class_list":{"0":"post-20437","1":"product","2":"type-product","3":"status-publish","4":"has-post-thumbnail","6":"product_cat-alle","7":"product_cat-frau","8":"product_cat-jacke-de","9":"product_cat-parka-de","11":"first","12":"instock","13":"featured","14":"shipping-taxable","15":"purchasable","16":"product-type-variable"},"_links":{"self":[{"href":"https:\/\/umbicap.com\/index.php?rest_route=\/wp\/v2\/product\/20437","targetHints":{"allow":["GET"]}}],"collection":[{"href":"https:\/\/umbicap.com\/index.php?rest_route=\/wp\/v2\/product"}],"about":[{"href":"https:\/\/umbicap.com\/index.php?rest_route=\/wp\/v2\/types\/product"}],"replies":[{"embeddable":true,"href":"https:\/\/umbicap.com\/index.php?rest_route=%2Fwp%2Fv2%2Fcomments&post=20437"}],"version-history":[{"count":1,"href":"https:\/\/umbicap.com\/index.php?rest_route=\/wp\/v2\/product\/20437\/revisions"}],"predecessor-version":[{"id":20447,"href":"https:\/\/umbicap.com\/index.php?rest_route=\/wp\/v2\/product\/20437\/revisions\/20447"}],"wp:featuredmedia":[{"embeddable":true,"href":"https:\/\/umbicap.com\/index.php?rest_route=\/wp\/v2\/media\/16141"}],"wp:attachment":[{"href":"https:\/\/umbicap.com\/index.php?rest_route=%2Fwp%2Fv2%2Fmedia&parent=20437"}],"wp:term":[{"taxonomy":"product_brand","embeddable":true,"href":"https:\/\/umbicap.com\/index.php?rest_route=%2Fwp%2Fv2%2Fproduct_brand&post=20437"},{"taxonomy":"product_cat","embeddable":true,"href":"https:\/\/umbicap.com\/index.php?rest_route=%2Fwp%2Fv2%2Fproduct_cat&post=20437"},{"taxonomy":"product_tag","embeddable":true,"href":"https:\/\/umbicap.com\/index.php?rest_route=%2Fwp%2Fv2%2Fproduct_tag&post=20437"}],"curies":[{"name":"wp","href":"https:\/\/api.w.org\/{rel}","templated":true}]}}