{"id":20757,"date":"2025-07-29T20:52:46","date_gmt":"2025-07-29T20:52:46","guid":{"rendered":"https:\/\/umbidesign.xyz\/?product=pantalon-bayern-0552"},"modified":"2025-08-10T14:57:03","modified_gmt":"2025-08-10T14:57:03","slug":"pantalon-bayern-0552","status":"publish","type":"product","link":"https:\/\/umbicap.com\/?produit=pantalon-bayern-0552&lang=fr","title":{"rendered":"Pantalon BAYERN 0552"},"content":{"rendered":"\t\t<div data-elementor-type=\"wp-post\" data-elementor-id=\"20757\" class=\"elementor elementor-20757 elementor-10787\">\n\t\t\t\t<div class=\"elementor-element elementor-element-386d97ed e-flex e-con-boxed e-con e-parent\" data-id=\"386d97ed\" data-element_type=\"container\">\n\t\t\t\t\t<div class=\"e-con-inner\">\n\t\t\t\t<div class=\"elementor-element elementor-element-50161d52 elementor-widget elementor-widget-text-editor\" data-id=\"50161d52\" data-element_type=\"widget\" data-widget_type=\"text-editor.default\">\n\t\t\t\t<div class=\"elementor-widget-container\">\n\t\t\t\t\t\t\t\t\t<p data-v-0dde63d0=\"\"><em>Mod\u00e8le :<\/em><br><em>Taille M | Taille 190 cm<\/em><\/p><p class=\"composition-text\" data-v-0dde63d0=\"\">Mati\u00e8re :<br>&#8211; 100% polyester<br>&#8211; 250 g\/m\u00b2.<\/p><ul><li class=\"observation-text\">\u00c9tiquette amovible.<\/li><li class=\"observation-text\">Tissu technique.<\/li><li class=\"observation-text\">Mod\u00e8le respirant.<br><br><\/li><li><b>Des tailles enfant sont disponibles <\/b>dans toutes les couleurs.<\/li><\/ul>\t\t\t\t\t\t\t\t<\/div>\n\t\t\t\t<\/div>\n\t\t\t\t\t<\/div>\n\t\t\t\t<\/div>\n\t\t\t\t<\/div>\n\t\t","protected":false},"excerpt":{"rendered":"<p class=\"product-short-desc \" data-v-0dde63d0=\"\"><strong>Pantalon de gardien de but unisexe.<\/strong><\/p>\n<p class=\"product-short-desc \" data-v-0dde63d0=\"\">Avec inserts lat\u00e9raux et genouill\u00e8res rembourr\u00e9es.<br \/>\nTaille \u00e9lastiqu\u00e9e avec cordon de serrage int\u00e9rieur r\u00e9glable.<br \/>\nCeinture de la jambe avec poignet.<\/p>\n<div id=\"color-circle-selector-big-screen\" class=\"list-color\" data-v-0dde63d0=\"\">\n<div class=\"circle-list-component d-flex flex-wrap align-items-center\" data-v-488ca956=\"\" data-v-0dde63d0=\"\">\n<div class=\"d-flex flex-wrap\" data-v-488ca956=\"\">\n<div class=\"v-popover poopover-floating color-circle\" data-v-488ca956=\"\">\n<div class=\"trigger\">\n<div class=\"d-flex flex-column text-center details-circle-color\" data-v-488ca956=\"\">\n<div class=\"circle-selector-parent\" data-v-2dcfe275=\"\" data-v-488ca956=\"\"><b>Des tailles enfant sont disponibles <\/b>dans toutes les couleurs.<\/div>\n<\/div>\n<\/div>\n<\/div>\n<\/div>\n<\/div>\n<\/div>\n","protected":false},"featured_media":18889,"comment_status":"closed","ping_status":"closed","template":"","meta":[],"product_brand":[],"product_cat":[324,322,321,340,325,319],"product_tag":[],"class_list":{"0":"post-20757","1":"product","2":"type-product","3":"status-publish","4":"has-post-thumbnail","6":"product_cat-enfants","7":"product_cat-equipement","8":"product_cat-le-sport","9":"product_cat-pantalon","10":"product_cat-sport-pour-enfants","11":"product_cat-tous","13":"first","14":"instock","15":"shipping-taxable","16":"purchasable","17":"product-type-variable"},"_links":{"self":[{"href":"https:\/\/umbicap.com\/index.php?rest_route=\/wp\/v2\/product\/20757","targetHints":{"allow":["GET"]}}],"collection":[{"href":"https:\/\/umbicap.com\/index.php?rest_route=\/wp\/v2\/product"}],"about":[{"href":"https:\/\/umbicap.com\/index.php?rest_route=\/wp\/v2\/types\/product"}],"replies":[{"embeddable":true,"href":"https:\/\/umbicap.com\/index.php?rest_route=%2Fwp%2Fv2%2Fcomments&post=20757"}],"version-history":[{"count":1,"href":"https:\/\/umbicap.com\/index.php?rest_route=\/wp\/v2\/product\/20757\/revisions"}],"predecessor-version":[{"id":20760,"href":"https:\/\/umbicap.com\/index.php?rest_route=\/wp\/v2\/product\/20757\/revisions\/20760"}],"wp:featuredmedia":[{"embeddable":true,"href":"https:\/\/umbicap.com\/index.php?rest_route=\/wp\/v2\/media\/18889"}],"wp:attachment":[{"href":"https:\/\/umbicap.com\/index.php?rest_route=%2Fwp%2Fv2%2Fmedia&parent=20757"}],"wp:term":[{"taxonomy":"product_brand","embeddable":true,"href":"https:\/\/umbicap.com\/index.php?rest_route=%2Fwp%2Fv2%2Fproduct_brand&post=20757"},{"taxonomy":"product_cat","embeddable":true,"href":"https:\/\/umbicap.com\/index.php?rest_route=%2Fwp%2Fv2%2Fproduct_cat&post=20757"},{"taxonomy":"product_tag","embeddable":true,"href":"https:\/\/umbicap.com\/index.php?rest_route=%2Fwp%2Fv2%2Fproduct_tag&post=20757"}],"curies":[{"name":"wp","href":"https:\/\/api.w.org\/{rel}","templated":true}]}}