{"id":20833,"date":"2025-07-25T00:19:48","date_gmt":"2025-07-25T00:19:48","guid":{"rendered":"https:\/\/umbidesign.xyz\/?product=montreal-pol"},"modified":"2025-08-10T15:01:29","modified_gmt":"2025-08-10T15:01:29","slug":"montreal-pol","status":"publish","type":"product","link":"https:\/\/umbicap.com\/?produkt=montreal-pol&lang=de","title":{"rendered":"MONTREAL-Pol"},"content":{"rendered":"\t\t<div data-elementor-type=\"wp-post\" data-elementor-id=\"20833\" class=\"elementor elementor-20833 elementor-8536\">\n\t\t\t\t<div class=\"elementor-element elementor-element-386d97ed e-flex e-con-boxed e-con e-parent\" data-id=\"386d97ed\" data-element_type=\"container\">\n\t\t\t\t\t<div class=\"e-con-inner\">\n\t\t\t\t<div class=\"elementor-element elementor-element-50161d52 elementor-widget elementor-widget-text-editor\" data-id=\"50161d52\" data-element_type=\"widget\" data-widget_type=\"text-editor.default\">\n\t\t\t\t<div class=\"elementor-widget-container\">\n\t\t\t\t\t\t\t\t\t<p class=\"\" data-v-0dde63d0=\"\"><em>Modell:<\/em><br><em>Gr\u00f6\u00dfe M | K\u00f6rpergr\u00f6\u00dfe 185 cm<\/em><\/p><p class=\"composition-text\" data-v-0dde63d0=\"\">Material:<br><strong>100%<\/strong> gek\u00e4mmte<strong>Baumwolle<\/strong>, Piqu\u00e9-Stich<br><strong>230 g\/m\u00b2<\/strong>.<\/p><ul><li class=\"observation-text\">Abnehmbares Etikett.<\/li><\/ul>\t\t\t\t\t\t\t\t<\/div>\n\t\t\t\t<\/div>\n\t\t\t\t\t<\/div>\n\t\t\t\t<\/div>\n\t\t\t\t<\/div>\n\t\t","protected":false},"excerpt":{"rendered":"<p><strong>Kurzarm-Poloshirt mit gleichfarbigem 3-Knopf-Revers.<\/strong><\/p>\n<p>Innenrevers im Kontrast zum Au\u00dfenrevers.<br \/>\nKragen und \u00c4rmelenden gerippt.<br \/>\nVerst\u00e4rkte Nahtabdeckung am Kragen.<br \/>\nSeitenschlitze.<\/p>\n","protected":false},"featured_media":14590,"comment_status":"closed","ping_status":"closed","template":"","meta":[],"product_brand":[],"product_cat":[320,376,415],"product_tag":[],"class_list":{"0":"post-20833","1":"product","2":"type-product","3":"status-publish","4":"has-post-thumbnail","6":"product_cat-alle","7":"product_cat-mann","8":"product_cat-polo","10":"first","11":"instock","12":"featured","13":"shipping-taxable","14":"purchasable","15":"product-type-variable"},"_links":{"self":[{"href":"https:\/\/umbicap.com\/index.php?rest_route=\/wp\/v2\/product\/20833","targetHints":{"allow":["GET"]}}],"collection":[{"href":"https:\/\/umbicap.com\/index.php?rest_route=\/wp\/v2\/product"}],"about":[{"href":"https:\/\/umbicap.com\/index.php?rest_route=\/wp\/v2\/types\/product"}],"replies":[{"embeddable":true,"href":"https:\/\/umbicap.com\/index.php?rest_route=%2Fwp%2Fv2%2Fcomments&post=20833"}],"version-history":[{"count":3,"href":"https:\/\/umbicap.com\/index.php?rest_route=\/wp\/v2\/product\/20833\/revisions"}],"predecessor-version":[{"id":20896,"href":"https:\/\/umbicap.com\/index.php?rest_route=\/wp\/v2\/product\/20833\/revisions\/20896"}],"wp:featuredmedia":[{"embeddable":true,"href":"https:\/\/umbicap.com\/index.php?rest_route=\/wp\/v2\/media\/14590"}],"wp:attachment":[{"href":"https:\/\/umbicap.com\/index.php?rest_route=%2Fwp%2Fv2%2Fmedia&parent=20833"}],"wp:term":[{"taxonomy":"product_brand","embeddable":true,"href":"https:\/\/umbicap.com\/index.php?rest_route=%2Fwp%2Fv2%2Fproduct_brand&post=20833"},{"taxonomy":"product_cat","embeddable":true,"href":"https:\/\/umbicap.com\/index.php?rest_route=%2Fwp%2Fv2%2Fproduct_cat&post=20833"},{"taxonomy":"product_tag","embeddable":true,"href":"https:\/\/umbicap.com\/index.php?rest_route=%2Fwp%2Fv2%2Fproduct_tag&post=20833"}],"curies":[{"name":"wp","href":"https:\/\/api.w.org\/{rel}","templated":true}]}}