{"id":21005,"date":"2025-07-24T17:23:17","date_gmt":"2025-07-24T17:23:17","guid":{"rendered":"https:\/\/umbidesign.xyz\/?product=sweat-a-capuche-duo-urban-pour-femmes"},"modified":"2025-08-10T14:54:46","modified_gmt":"2025-08-10T14:54:46","slug":"sweat-a-capuche-duo-urban-pour-femmes","status":"publish","type":"product","link":"https:\/\/umbicap.com\/?produit=sweat-a-capuche-duo-urban-pour-femmes&lang=fr","title":{"rendered":"Sweat \u00e0 capuche duo URBAN pour femmes"},"content":{"rendered":"\t\t<div data-elementor-type=\"wp-post\" data-elementor-id=\"21005\" class=\"elementor elementor-21005 elementor-8435\">\n\t\t\t\t<div class=\"elementor-element elementor-element-386d97ed e-flex e-con-boxed e-con e-parent\" data-id=\"386d97ed\" data-element_type=\"container\">\n\t\t\t\t\t<div class=\"e-con-inner\">\n\t\t\t\t<div class=\"elementor-element elementor-element-50161d52 elementor-widget elementor-widget-text-editor\" data-id=\"50161d52\" data-element_type=\"widget\" data-widget_type=\"text-editor.default\">\n\t\t\t\t<div class=\"elementor-widget-container\">\n\t\t\t\t\t\t\t\t\t<p class=\"\" data-v-0dde63d0=\"\"><em>Mod\u00e8le :<\/em><br><em>Taille S | Taille 163 cm<\/em><\/p><ul><li class=\"observation-text\">\u00c9tiquette amovible.<\/li><li class=\"observation-text\">Double concept.<\/li><\/ul><p>Mati\u00e8re : <strong>50% coton \/ 50% polyester<\/strong>, peluche card\u00e9e<br><strong>280 g\/m\u00b2<\/strong>.<\/p><p>Gris m\u00e9lang\u00e9 : 55% coton \/ 40% polyester \/ 5% viscose.<\/p>\t\t\t\t\t\t\t\t<\/div>\n\t\t\t\t<\/div>\n\t\t\t\t\t<\/div>\n\t\t\t\t<\/div>\n\t\t\t\t<\/div>\n\t\t","protected":false},"excerpt":{"rendered":"<p><strong>Sweat-shirt ceintur\u00e9 pour femme avec capuche bicolore en double tissu.<\/strong><\/p>\n<p>Cordon de serrage r\u00e9glable contrast\u00e9.<br \/>\nCoutures recouvertes sur le col et la poche kangourou.<br \/>\nPoignets et ceinture en c\u00f4tes 1&#215;1 avec \u00e9lasthanne.<br \/>\nD\u00e9tail &#8220;thum slit&#8221; &#8211; poignet en c\u00f4tes avec boutonni\u00e8re pour le pouce.<\/p>\n","protected":false},"featured_media":14061,"comment_status":"closed","ping_status":"closed","template":"","meta":[],"product_brand":[],"product_cat":[370,389,319],"product_tag":[],"class_list":{"0":"post-21005","1":"product","2":"type-product","3":"status-publish","4":"has-post-thumbnail","6":"product_cat-femme","7":"product_cat-femme-a-capuche","8":"product_cat-tous","10":"first","11":"instock","12":"featured","13":"shipping-taxable","14":"purchasable","15":"product-type-variable"},"_links":{"self":[{"href":"https:\/\/umbicap.com\/index.php?rest_route=\/wp\/v2\/product\/21005","targetHints":{"allow":["GET"]}}],"collection":[{"href":"https:\/\/umbicap.com\/index.php?rest_route=\/wp\/v2\/product"}],"about":[{"href":"https:\/\/umbicap.com\/index.php?rest_route=\/wp\/v2\/types\/product"}],"replies":[{"embeddable":true,"href":"https:\/\/umbicap.com\/index.php?rest_route=%2Fwp%2Fv2%2Fcomments&post=21005"}],"version-history":[{"count":1,"href":"https:\/\/umbicap.com\/index.php?rest_route=\/wp\/v2\/product\/21005\/revisions"}],"predecessor-version":[{"id":21037,"href":"https:\/\/umbicap.com\/index.php?rest_route=\/wp\/v2\/product\/21005\/revisions\/21037"}],"wp:featuredmedia":[{"embeddable":true,"href":"https:\/\/umbicap.com\/index.php?rest_route=\/wp\/v2\/media\/14061"}],"wp:attachment":[{"href":"https:\/\/umbicap.com\/index.php?rest_route=%2Fwp%2Fv2%2Fmedia&parent=21005"}],"wp:term":[{"taxonomy":"product_brand","embeddable":true,"href":"https:\/\/umbicap.com\/index.php?rest_route=%2Fwp%2Fv2%2Fproduct_brand&post=21005"},{"taxonomy":"product_cat","embeddable":true,"href":"https:\/\/umbicap.com\/index.php?rest_route=%2Fwp%2Fv2%2Fproduct_cat&post=21005"},{"taxonomy":"product_tag","embeddable":true,"href":"https:\/\/umbicap.com\/index.php?rest_route=%2Fwp%2Fv2%2Fproduct_tag&post=21005"}],"curies":[{"name":"wp","href":"https:\/\/api.w.org\/{rel}","templated":true}]}}