{"id":21210,"date":"2025-07-28T10:59:36","date_gmt":"2025-07-28T10:59:36","guid":{"rendered":"https:\/\/umbidesign.xyz\/?product=softshell-jacke-siberia-6428"},"modified":"2025-08-10T15:00:01","modified_gmt":"2025-08-10T15:00:01","slug":"softshell-jacke-siberia-6428","status":"publish","type":"product","link":"https:\/\/umbicap.com\/?produkt=softshell-jacke-siberia-6428&lang=de","title":{"rendered":"Softshell-Jacke SIBERIA 6428"},"content":{"rendered":"\t\t<div data-elementor-type=\"wp-post\" data-elementor-id=\"21210\" class=\"elementor elementor-21210 elementor-9124\">\n\t\t\t\t<div class=\"elementor-element elementor-element-386d97ed e-flex e-con-boxed e-con e-parent\" data-id=\"386d97ed\" data-element_type=\"container\">\n\t\t\t\t\t<div class=\"e-con-inner\">\n\t\t\t\t<div class=\"elementor-element elementor-element-50161d52 elementor-widget elementor-widget-text-editor\" data-id=\"50161d52\" data-element_type=\"widget\" data-widget_type=\"text-editor.default\">\n\t\t\t\t<div class=\"elementor-widget-container\">\n\t\t\t\t\t\t\t\t\t<p class=\"\" data-v-0dde63d0=\"\"><em>Modell:<\/em><br><em>Gr\u00f6\u00dfe M | H\u00f6he 183 cm<\/em><\/p><p class=\"composition-text\" data-v-0dde63d0=\"\">Material:<br>Zwei Lagen.<br>&#8211; Au\u00dfenseite: <strong>92% Polyester \/ 8% Elastan.<\/strong><br>&#8211; Innenseite: <strong>100%<\/strong> extra-warmes <strong>mikro-polarisiertes Polyester<\/strong>.<br>&#8211; <strong>300 g\/m\u00b2<\/strong>.<\/p><ul><li class=\"observation-text\">Abnehmbares Etikett.<\/li><li class=\"observation-text\">Beachten Sie die Grenzen dieser Art von Stoffen und die Notwendigkeit, sie vor dem Verlaufen von Druckfarben zu sch\u00fctzen, wenn Sie sie personalisieren oder bedrucken.<\/li><\/ul>\t\t\t\t\t\t\t\t<\/div>\n\t\t\t\t<\/div>\n\t\t\t\t\t<\/div>\n\t\t\t\t<\/div>\n\t\t\t\t<\/div>\n\t\t","protected":false},"excerpt":{"rendered":"<p class=\"product-short-desc \" data-v-0dde63d0=\"\"><strong>Weiches 2-Lagen-Sport-Shell.<\/strong><\/p>\n<p class=\"product-short-desc \" data-v-0dde63d0=\"\">Zentraler Rei\u00dfverschluss aus kontrastierendem Kunststoff mit Kinnschutz und Rei\u00dfverschlussdetail.<br \/>\nWarme Innenseite aus kontrastierendem Micropolar-Gewebe.<br \/>\nZwei Seitentaschen und eine weitere auf der Brust mit unsichtbarem Rei\u00dfverschluss und Rei\u00dfverschlussdetail.<br \/>\nKleine Tasche auf dem linken \u00c4rmel.<br \/>\nElastischer Saum an B\u00fcndchen und Bund.<br \/>\nAbnehmbare Kapuze mit kontrastierendem Micropolar-Futter.<\/p>\n","protected":false},"featured_media":15553,"comment_status":"closed","ping_status":"closed","template":"","meta":[],"product_brand":[],"product_cat":[320,399,376,405],"product_tag":[],"class_list":{"0":"post-21210","1":"product","2":"type-product","3":"status-publish","4":"has-post-thumbnail","6":"product_cat-alle","7":"product_cat-jacke-de-2","8":"product_cat-mann","9":"product_cat-softshell","11":"first","12":"instock","13":"featured","14":"shipping-taxable","15":"purchasable","16":"product-type-variable"},"_links":{"self":[{"href":"https:\/\/umbicap.com\/index.php?rest_route=\/wp\/v2\/product\/21210","targetHints":{"allow":["GET"]}}],"collection":[{"href":"https:\/\/umbicap.com\/index.php?rest_route=\/wp\/v2\/product"}],"about":[{"href":"https:\/\/umbicap.com\/index.php?rest_route=\/wp\/v2\/types\/product"}],"replies":[{"embeddable":true,"href":"https:\/\/umbicap.com\/index.php?rest_route=%2Fwp%2Fv2%2Fcomments&post=21210"}],"version-history":[{"count":1,"href":"https:\/\/umbicap.com\/index.php?rest_route=\/wp\/v2\/product\/21210\/revisions"}],"predecessor-version":[{"id":21217,"href":"https:\/\/umbicap.com\/index.php?rest_route=\/wp\/v2\/product\/21210\/revisions\/21217"}],"wp:featuredmedia":[{"embeddable":true,"href":"https:\/\/umbicap.com\/index.php?rest_route=\/wp\/v2\/media\/15553"}],"wp:attachment":[{"href":"https:\/\/umbicap.com\/index.php?rest_route=%2Fwp%2Fv2%2Fmedia&parent=21210"}],"wp:term":[{"taxonomy":"product_brand","embeddable":true,"href":"https:\/\/umbicap.com\/index.php?rest_route=%2Fwp%2Fv2%2Fproduct_brand&post=21210"},{"taxonomy":"product_cat","embeddable":true,"href":"https:\/\/umbicap.com\/index.php?rest_route=%2Fwp%2Fv2%2Fproduct_cat&post=21210"},{"taxonomy":"product_tag","embeddable":true,"href":"https:\/\/umbicap.com\/index.php?rest_route=%2Fwp%2Fv2%2Fproduct_tag&post=21210"}],"curies":[{"name":"wp","href":"https:\/\/api.w.org\/{rel}","templated":true}]}}