{"id":21334,"date":"2025-07-18T01:02:56","date_gmt":"2025-07-18T01:02:56","guid":{"rendered":"https:\/\/umbidesign.xyz\/?product=sweat-hawaii-unisexe"},"modified":"2025-08-10T14:54:47","modified_gmt":"2025-08-10T14:54:47","slug":"sweat-hawaii-unisexe","status":"publish","type":"product","link":"https:\/\/umbicap.com\/?produit=sweat-hawaii-unisexe&lang=fr","title":{"rendered":"Sweat HAWAII unisexe"},"content":{"rendered":"\t\t<div data-elementor-type=\"wp-post\" data-elementor-id=\"21334\" class=\"elementor elementor-21334 elementor-7486\">\n\t\t\t\t<div class=\"elementor-element elementor-element-386d97ed e-flex e-con-boxed e-con e-parent\" data-id=\"386d97ed\" data-element_type=\"container\">\n\t\t\t\t\t<div class=\"e-con-inner\">\n\t\t\t\t<div class=\"elementor-element elementor-element-50161d52 elementor-widget elementor-widget-text-editor\" data-id=\"50161d52\" data-element_type=\"widget\" data-widget_type=\"text-editor.default\">\n\t\t\t\t<div class=\"elementor-widget-container\">\n\t\t\t\t\t\t\t\t\t<ul><li>Double couture au niveau du col, des poignets et de l&#8217;ourlet.<\/li><li>C\u00f4tes en \u00e9lasthanne 2&#215;1 aux poignets et au bas.<\/li><li>Gris m\u00e9lang\u00e9 : 61% coton \/31% polyester recycl\u00e9\/ 8% viscose<\/li><li>Gris fonc\u00e9 m\u00e9lang\u00e9 : 60% polyester recycl\u00e9 \/40% coton<\/li><li>M\u00e9lange Fr\u00eane : 67% coton \/ 31% polyester recycl\u00e9 \/ 2% viscose<\/li><\/ul><p><strong>60% coton \/ 40% polyester recycl\u00e9<\/strong>.<br>Poids : <strong>290 g\/m\u00b2<\/strong> environ.<\/p>\t\t\t\t\t\t\t\t<\/div>\n\t\t\t\t<\/div>\n\t\t\t\t\t<\/div>\n\t\t\t\t<\/div>\n\t\t\t\t<\/div>\n\t\t","protected":false},"excerpt":{"rendered":"<p><strong>Sweat-shirt unisexe classique avec col rond, parfait pour la personnalisation.<\/strong><\/p>\n<p>Disponible en 13 couleurs de la taille XS \u00e0 5XL.<br \/>\nEn raison de sa composition plus \u00e9lev\u00e9e en polyester, certains de nos clients utilisent le sweat-shirt blanc pour la sublimation.<\/p>\n","protected":false},"featured_media":12873,"comment_status":"closed","ping_status":"closed","template":"","meta":[],"product_brand":[],"product_cat":[370,368,436,319,384],"product_tag":[],"class_list":{"0":"post-21334","1":"product","2":"type-product","3":"status-publish","4":"has-post-thumbnail","6":"product_cat-femme","7":"product_cat-lhomme","8":"product_cat-sweatshirt-fr","9":"product_cat-tous","10":"product_cat-unisexe","12":"first","13":"instock","14":"featured","15":"shipping-taxable","16":"purchasable","17":"product-type-variable"},"_links":{"self":[{"href":"https:\/\/umbicap.com\/index.php?rest_route=\/wp\/v2\/product\/21334","targetHints":{"allow":["GET"]}}],"collection":[{"href":"https:\/\/umbicap.com\/index.php?rest_route=\/wp\/v2\/product"}],"about":[{"href":"https:\/\/umbicap.com\/index.php?rest_route=\/wp\/v2\/types\/product"}],"replies":[{"embeddable":true,"href":"https:\/\/umbicap.com\/index.php?rest_route=%2Fwp%2Fv2%2Fcomments&post=21334"}],"version-history":[{"count":1,"href":"https:\/\/umbicap.com\/index.php?rest_route=\/wp\/v2\/product\/21334\/revisions"}],"predecessor-version":[{"id":21367,"href":"https:\/\/umbicap.com\/index.php?rest_route=\/wp\/v2\/product\/21334\/revisions\/21367"}],"wp:featuredmedia":[{"embeddable":true,"href":"https:\/\/umbicap.com\/index.php?rest_route=\/wp\/v2\/media\/12873"}],"wp:attachment":[{"href":"https:\/\/umbicap.com\/index.php?rest_route=%2Fwp%2Fv2%2Fmedia&parent=21334"}],"wp:term":[{"taxonomy":"product_brand","embeddable":true,"href":"https:\/\/umbicap.com\/index.php?rest_route=%2Fwp%2Fv2%2Fproduct_brand&post=21334"},{"taxonomy":"product_cat","embeddable":true,"href":"https:\/\/umbicap.com\/index.php?rest_route=%2Fwp%2Fv2%2Fproduct_cat&post=21334"},{"taxonomy":"product_tag","embeddable":true,"href":"https:\/\/umbicap.com\/index.php?rest_route=%2Fwp%2Fv2%2Fproduct_tag&post=21334"}],"curies":[{"name":"wp","href":"https:\/\/api.w.org\/{rel}","templated":true}]}}