{"id":21517,"date":"2025-07-18T06:04:28","date_gmt":"2025-07-18T06:04:28","guid":{"rendered":"https:\/\/umbidesign.xyz\/?product=t-shirt-terra-pour-enfants"},"modified":"2025-08-10T14:54:47","modified_gmt":"2025-08-10T14:54:47","slug":"t-shirt-terra-pour-enfants","status":"publish","type":"product","link":"https:\/\/umbicap.com\/?produit=t-shirt-terra-pour-enfants&lang=fr","title":{"rendered":"T-shirt TERRA pour enfants"},"content":{"rendered":"\t\t<div data-elementor-type=\"wp-post\" data-elementor-id=\"21517\" class=\"elementor elementor-21517 elementor-7676\">\n\t\t\t\t<div class=\"elementor-element elementor-element-386d97ed e-flex e-con-boxed e-con e-parent\" data-id=\"386d97ed\" data-element_type=\"container\">\n\t\t\t\t\t<div class=\"e-con-inner\">\n\t\t\t\t<div class=\"elementor-element elementor-element-50161d52 elementor-widget elementor-widget-text-editor\" data-id=\"50161d52\" data-element_type=\"widget\" data-widget_type=\"text-editor.default\">\n\t\t\t\t<div class=\"elementor-widget-container\">\n\t\t\t\t\t\t\t\t\t<ul><li>Col en \u00e9lasthanne.<\/li><li>Coutures lat\u00e9rales.<\/li><li>Double piq\u00fbre sur les manches et le bas.<\/li><li>Renforcement d&#8217;une \u00e9paule \u00e0 l&#8217;autre.<\/li><li>Gris m\u00e9lang\u00e9 &#8211; 85% coton \/ 15% viscose<\/li><li>Fr\u00eane m\u00e9lang\u00e9 &#8211; 98% coton \/ 2% viscose<\/li><li>\u00c9tiquette amovible<\/li><\/ul><p><strong><br>100% coton<\/strong> pr\u00e9-r\u00e9tr\u00e9ci.<br>Poids : <strong>155 g\/m\u00b2<\/strong>. approx. <\/p>\t\t\t\t\t\t\t\t<\/div>\n\t\t\t\t<\/div>\n\t\t\t\t\t<\/div>\n\t\t\t\t<\/div>\n\t\t\t\t<\/div>\n\t\t","protected":false},"excerpt":{"rendered":"<p><strong>T-shirt basique pour enfants \u00e0 manches courtes, 100% coton<\/strong>.<\/p>\n<p>Id\u00e9al pour la personnalisation en s\u00e9rigraphie, vinyle, transfert et impression num\u00e9rique.<br \/>\n21 couleurs et tailles de 3\/4 \u00e0 12\/14 ans.<\/p>\n<p>Etiquette amovible.<\/p>\n","protected":false},"featured_media":13200,"comment_status":"closed","ping_status":"closed","template":"","meta":[],"product_brand":[],"product_cat":[324,319,384],"product_tag":[],"class_list":{"0":"post-21517","1":"product","2":"type-product","3":"status-publish","4":"has-post-thumbnail","6":"product_cat-enfants","7":"product_cat-tous","8":"product_cat-unisexe","10":"first","11":"instock","12":"featured","13":"shipping-taxable","14":"purchasable","15":"product-type-variable"},"_links":{"self":[{"href":"https:\/\/umbicap.com\/index.php?rest_route=\/wp\/v2\/product\/21517","targetHints":{"allow":["GET"]}}],"collection":[{"href":"https:\/\/umbicap.com\/index.php?rest_route=\/wp\/v2\/product"}],"about":[{"href":"https:\/\/umbicap.com\/index.php?rest_route=\/wp\/v2\/types\/product"}],"replies":[{"embeddable":true,"href":"https:\/\/umbicap.com\/index.php?rest_route=%2Fwp%2Fv2%2Fcomments&post=21517"}],"version-history":[{"count":1,"href":"https:\/\/umbicap.com\/index.php?rest_route=\/wp\/v2\/product\/21517\/revisions"}],"predecessor-version":[{"id":21553,"href":"https:\/\/umbicap.com\/index.php?rest_route=\/wp\/v2\/product\/21517\/revisions\/21553"}],"wp:featuredmedia":[{"embeddable":true,"href":"https:\/\/umbicap.com\/index.php?rest_route=\/wp\/v2\/media\/13200"}],"wp:attachment":[{"href":"https:\/\/umbicap.com\/index.php?rest_route=%2Fwp%2Fv2%2Fmedia&parent=21517"}],"wp:term":[{"taxonomy":"product_brand","embeddable":true,"href":"https:\/\/umbicap.com\/index.php?rest_route=%2Fwp%2Fv2%2Fproduct_brand&post=21517"},{"taxonomy":"product_cat","embeddable":true,"href":"https:\/\/umbicap.com\/index.php?rest_route=%2Fwp%2Fv2%2Fproduct_cat&post=21517"},{"taxonomy":"product_tag","embeddable":true,"href":"https:\/\/umbicap.com\/index.php?rest_route=%2Fwp%2Fv2%2Fproduct_tag&post=21517"}],"curies":[{"name":"wp","href":"https:\/\/api.w.org\/{rel}","templated":true}]}}