{"id":21756,"date":"2025-07-24T13:28:41","date_gmt":"2025-07-24T13:28:41","guid":{"rendered":"https:\/\/umbidesign.xyz\/?product=urban-duo-kapuzenpulli"},"modified":"2025-08-10T15:01:29","modified_gmt":"2025-08-10T15:01:29","slug":"urban-duo-kapuzenpulli","status":"publish","type":"product","link":"https:\/\/umbicap.com\/?produkt=urban-duo-kapuzenpulli&lang=de","title":{"rendered":"URBAN duo Kapuzenpulli"},"content":{"rendered":"\t\t<div data-elementor-type=\"wp-post\" data-elementor-id=\"21756\" class=\"elementor elementor-21756 elementor-8192\">\n\t\t\t\t<div class=\"elementor-element elementor-element-386d97ed e-flex e-con-boxed e-con e-parent\" data-id=\"386d97ed\" data-element_type=\"container\">\n\t\t\t\t\t<div class=\"e-con-inner\">\n\t\t\t\t<div class=\"elementor-element elementor-element-50161d52 elementor-widget elementor-widget-text-editor\" data-id=\"50161d52\" data-element_type=\"widget\" data-widget_type=\"text-editor.default\">\n\t\t\t\t<div class=\"elementor-widget-container\">\n\t\t\t\t\t\t\t\t\t<p class=\"\" data-v-0dde63d0=\"\"><em>Modell:<\/em><br><em>Gr\u00f6\u00dfe M | H\u00f6he 182 cm<\/em><\/p><ul><li class=\"observation-text\">Abnehmbares Etikett.<\/li><li class=\"observation-text\">Erh\u00e4ltlich in Kindergr\u00f6\u00dfen.<\/li><li class=\"observation-text\">Doppeltes Konzept.<\/li><\/ul><p class=\"composition-text\" data-v-0dde63d0=\"\">Material:<br><strong>50% Baumwolle \/ 50% Polyester, kardierter Pl\u00fcsch<\/strong><br><strong>280 g\/m\u00b2<\/strong>.<\/p><p class=\"composition-text\" data-v-0dde63d0=\"\">Melange Grau: 55% Baumwolle \/ 40% Polyester \/ 5% Viskose.<\/p><ul><li><strong>Kindergr\u00f6\u00dfen in folgenden Farben erh\u00e4ltlich:<br><\/strong>Blue Navy \/\/ Blue Royal \/\/ White \/\/ Melange Grey \/\/ Fuchsia \/\/ Black \/\/ Turquoise \/\/ Red<\/li><li><strong>Kindergr\u00f6\u00dfen in den folgenden Duo-Farben erh\u00e4ltlich<\/strong>:<br>Blue Sky + Wei\u00df \/\/ Blue Navy + Melange Grey \/\/ Blue Royal + Wei\u00df \/\/ Wei\u00df + Blue Navy \/\/ Melange Grey + Schwarz \/\/ Kelly Green + Wei\u00df \/\/ Rot + Schwarz<\/li><\/ul>\t\t\t\t\t\t\t\t<\/div>\n\t\t\t\t<\/div>\n\t\t\t\t\t<\/div>\n\t\t\t\t<\/div>\n\t\t\t\t<\/div>\n\t\t","protected":false},"excerpt":{"rendered":"<p><strong>Sweatshirt mit zweifarbiger Kapuze aus doppeltem Stoff.<br \/>\n<\/strong>Kontrastierender, verstellbarer Kordelzug.<br \/>\nAbgedeckte N\u00e4hte am Kragen und an der K\u00e4ngurutasche.<br \/>\n1&#215;1-Rippb\u00fcndchen an \u00c4rmeln und Bund mit Elasthan.<\/p>\n<p>Kindermodell ohne Kordelzug.<\/p>\n<p><strong>Kindergr\u00f6\u00dfen <\/strong>in verschiedenen Farben<strong>erh\u00e4ltlich <\/strong>. <em>(Siehe <strong>Details<\/strong>)<\/em>.<\/p>\n","protected":false},"featured_media":14050,"comment_status":"closed","ping_status":"closed","template":"","meta":[],"product_brand":[],"product_cat":[320,403,332,376],"product_tag":[],"class_list":{"0":"post-21756","1":"product","2":"type-product","3":"status-publish","4":"has-post-thumbnail","6":"product_cat-alle","7":"product_cat-kapuzenmann","8":"product_cat-kinder","9":"product_cat-mann","11":"first","12":"instock","13":"featured","14":"shipping-taxable","15":"purchasable","16":"product-type-variable"},"_links":{"self":[{"href":"https:\/\/umbicap.com\/index.php?rest_route=\/wp\/v2\/product\/21756","targetHints":{"allow":["GET"]}}],"collection":[{"href":"https:\/\/umbicap.com\/index.php?rest_route=\/wp\/v2\/product"}],"about":[{"href":"https:\/\/umbicap.com\/index.php?rest_route=\/wp\/v2\/types\/product"}],"replies":[{"embeddable":true,"href":"https:\/\/umbicap.com\/index.php?rest_route=%2Fwp%2Fv2%2Fcomments&post=21756"}],"version-history":[{"count":1,"href":"https:\/\/umbicap.com\/index.php?rest_route=\/wp\/v2\/product\/21756\/revisions"}],"predecessor-version":[{"id":21814,"href":"https:\/\/umbicap.com\/index.php?rest_route=\/wp\/v2\/product\/21756\/revisions\/21814"}],"wp:featuredmedia":[{"embeddable":true,"href":"https:\/\/umbicap.com\/index.php?rest_route=\/wp\/v2\/media\/14050"}],"wp:attachment":[{"href":"https:\/\/umbicap.com\/index.php?rest_route=%2Fwp%2Fv2%2Fmedia&parent=21756"}],"wp:term":[{"taxonomy":"product_brand","embeddable":true,"href":"https:\/\/umbicap.com\/index.php?rest_route=%2Fwp%2Fv2%2Fproduct_brand&post=21756"},{"taxonomy":"product_cat","embeddable":true,"href":"https:\/\/umbicap.com\/index.php?rest_route=%2Fwp%2Fv2%2Fproduct_cat&post=21756"},{"taxonomy":"product_tag","embeddable":true,"href":"https:\/\/umbicap.com\/index.php?rest_route=%2Fwp%2Fv2%2Fproduct_tag&post=21756"}],"curies":[{"name":"wp","href":"https:\/\/api.w.org\/{rel}","templated":true}]}}