{"id":9158,"date":"2025-07-28T11:35:17","date_gmt":"2025-07-28T11:35:17","guid":{"rendered":"https:\/\/umbidesign.xyz\/?post_type=product&#038;p=9158"},"modified":"2025-08-10T14:00:39","modified_gmt":"2025-08-10T14:00:39","slug":"casaco-softshell-rudolph-6435","status":"publish","type":"product","link":"https:\/\/umbicap.com\/?produto=casaco-softshell-rudolph-6435","title":{"rendered":"Casaco Softshell RUDOLPH 6435"},"content":{"rendered":"\t\t<div data-elementor-type=\"wp-post\" data-elementor-id=\"9158\" class=\"elementor elementor-9158\">\n\t\t\t\t<div class=\"elementor-element elementor-element-386d97ed e-flex e-con-boxed e-con e-parent\" data-id=\"386d97ed\" data-element_type=\"container\">\n\t\t\t\t\t<div class=\"e-con-inner\">\n\t\t\t\t<div class=\"elementor-element elementor-element-50161d52 elementor-widget elementor-widget-text-editor\" data-id=\"50161d52\" data-element_type=\"widget\" data-widget_type=\"text-editor.default\">\n\t\t\t\t<div class=\"elementor-widget-container\">\n\t\t\t\t\t\t\t\t\t<p class=\"\" data-v-0dde63d0=\"\"><em>Modelo:<\/em><br \/><em>Tamanho M | Altura 182 cm<\/em><\/p><p class=\"composition-text\" data-v-0dde63d0=\"\">Material:<br \/>Tr\u00eas camadas.<br \/>&#8211; Exterior: <strong>95% poli\u00e9ster \/ 5% elastano<\/strong>.<br \/>&#8211; Interior: <strong>100% poli\u00e9ster micro-polar<\/strong> extra-quente.<br \/>&#8211; <strong>300 g\/m\u00b2<\/strong>.<\/p><ul><li class=\"observation-text\">Resistente \u00e0 agua.<\/li><li class=\"observation-text\">Water penetration-Hydrostatic pressure test: &gt; 3000 mm H2O<\/li><li class=\"observation-text\">Aten\u00e7\u00e3o \u00e0s limita\u00e7\u00f5es deste tipo de tecido e \u00e0 necessidade de proteg\u00ea-lo de migra\u00e7\u00f5es das tintas do desenho, ao efectuar personaliza\u00e7\u00f5es ou estampagens sobre o mesmo.<\/li><\/ul>\t\t\t\t\t\t\t\t<\/div>\n\t\t\t\t<\/div>\n\t\t\t\t\t<\/div>\n\t\t\t\t<\/div>\n\t\t\t\t<\/div>\n\t\t","protected":false},"excerpt":{"rendered":"<p class=\"p1\"><b>Soft shell de 3 camadas.<\/b><\/p>\n<p class=\"p1\">Fecho inteiro com protec\u00e7\u00e3o no queixo e puxador no ziper.<br \/>\nDois bolsos laterais e um bolso no peito, todos com fecho e adorno pl\u00e1stico no ziper.<br \/>\nPunhos ajust\u00e1veis com velcro.<br \/>\nEncaixes na parte superior dianteira e costas.<br \/>\nC\u00f3s com ajustadores interiores ajust\u00e1veis.<b><\/b><\/p>\n","protected":false},"featured_media":9166,"comment_status":"closed","ping_status":"closed","template":"","meta":[],"product_brand":[],"product_cat":[15,159,146,247],"product_tag":[],"class_list":{"0":"post-9158","1":"product","2":"type-product","3":"status-publish","4":"has-post-thumbnail","6":"product_cat-all-products","7":"product_cat-jacket-man","8":"product_cat-man","9":"product_cat-softshell-man","11":"first","12":"instock","13":"featured","14":"shipping-taxable","15":"purchasable","16":"product-type-variable"},"_links":{"self":[{"href":"https:\/\/umbicap.com\/index.php?rest_route=\/wp\/v2\/product\/9158","targetHints":{"allow":["GET"]}}],"collection":[{"href":"https:\/\/umbicap.com\/index.php?rest_route=\/wp\/v2\/product"}],"about":[{"href":"https:\/\/umbicap.com\/index.php?rest_route=\/wp\/v2\/types\/product"}],"replies":[{"embeddable":true,"href":"https:\/\/umbicap.com\/index.php?rest_route=%2Fwp%2Fv2%2Fcomments&post=9158"}],"version-history":[{"count":5,"href":"https:\/\/umbicap.com\/index.php?rest_route=\/wp\/v2\/product\/9158\/revisions"}],"predecessor-version":[{"id":9201,"href":"https:\/\/umbicap.com\/index.php?rest_route=\/wp\/v2\/product\/9158\/revisions\/9201"}],"wp:featuredmedia":[{"embeddable":true,"href":"https:\/\/umbicap.com\/index.php?rest_route=\/wp\/v2\/media\/9166"}],"wp:attachment":[{"href":"https:\/\/umbicap.com\/index.php?rest_route=%2Fwp%2Fv2%2Fmedia&parent=9158"}],"wp:term":[{"taxonomy":"product_brand","embeddable":true,"href":"https:\/\/umbicap.com\/index.php?rest_route=%2Fwp%2Fv2%2Fproduct_brand&post=9158"},{"taxonomy":"product_cat","embeddable":true,"href":"https:\/\/umbicap.com\/index.php?rest_route=%2Fwp%2Fv2%2Fproduct_cat&post=9158"},{"taxonomy":"product_tag","embeddable":true,"href":"https:\/\/umbicap.com\/index.php?rest_route=%2Fwp%2Fv2%2Fproduct_tag&post=9158"}],"curies":[{"name":"wp","href":"https:\/\/api.w.org\/{rel}","templated":true}]}}